ens digit of t?
2
Suppose 2*u = 6*u + 16. What is the units digit of 8 - (-3 - (u - -2))?
9
Suppose -l - 2*s - 2*s + 86 = 0, -299 = -4*l - s. What is the units digit of l?
4
Let m(i) = -7*i - 8. Let w be m(-6). Let h = w + -20. What is the tens digit of h?
1
Let k be 18/15*10*2. Suppose q = -0*q + k. What is the units digit of (-2)/((q/21)/(-4))?
7
Suppose 4*g - 61 = 4*o + 39, 4*g - 82 = -5*o. What is the units digit of g?
3
Let j be (-2)/(-10)*2*20. Suppose 0 = -2*b - 4*v + 6, 3*b - j*b + v = -15. What is the units digit of (-16)/(-24)*b*1?
2
Let l(d) = 7*d + 1. Let m be l(1). Suppose -5*s + 13 - m = 0. What is the units digit of s?
1
Suppose -2 = 3*h + 1. Let r(n) = 6*n**2 + 2*n + 1. Let a be r(h). Let m = a - 3. What is the units digit of m?
2
Let r be (-2)/14 + 348/84. Suppose 4*u = -2*b, -u = r*b - 3*b - 3. What is the units digit of b?
6
Let j = 6 - -64. What is the units digit of j?
0
Let c = 8 - -37. Suppose 2*s + 3*s - c = 0. What is the tens digit of 6/(-9) + 177/s?
1
Let v = -4 - -12. What is the units digit of (-2)/(2*(-1)/v)?
8
Suppose 405 + 6055 = 19*o. What is the tens digit of o?
4
Suppose 13*t + 1109 = 3761. What is the hundreds digit of t?
2
Let l(k) = 5*k + 4 - 7*k**3 + 16*k**2 - 5 + 6. Let d(v) = 3*v**3 - 8*v**2 - 3*v - 2. Let f(i) = 9*d(i) + 4*l(i). What is the units digit of f(-7)?
2
Let a = -1293 - -638. What is the units digit of a/(-35) - 2/(-7)?
9
Let h(o) = 0*o**2 + 2*o**2 - 4*o + 3 - o**2. Let w be h(3). Suppose -8 = -w*r - r. What is the units digit of r?
8
Suppose -3*l + 2*s - 8 = 0, -s + 8 - 4 = 4*l. Suppose l = 5*f + 20 - 70. What is the units digit of f?
0
Let j be (32/20)/(4/(-10)). Let p(b) = 8*b**2 + 1. Let r be p(1). Let l = j + r. What is the units digit of l?
5
Suppose -j + 9 = -33. What is the units digit of j?
2
Let l = -11 - -15. Let a(k) = k + 1. Let t be a(l). Suppose -9 = 5*n + 16, 2*h = -n + t. What is the units digit of h?
5
Suppose -12 + 38 = -r. Suppose -u + 2*b = 38, -2*u - 2*b = 3*b + 76. Let l = r - u. What is the tens digit of l?
1
Suppose 5*w = p - 16, 0*w = 5*w - 20. What is the tens digit of p?
3
Let f(i) = 13*i + 1. What is the tens digit of f(3)?
4
What is the tens digit of 3160/(-16)*9*(-6)/45?
3
Let p = 476 + -297. What is the units digit of p?
9
Let l(t) = -t**3 + 3*t**2 + 2*t - 1. Let h be l(-2). Suppose r = -2*s - 3*s + h, 3*r = 5*s - 35. Let y = 2 - r. What is the units digit of y?
7
Let t(m) = 4*m**2 - 2*m + 2. Suppose -2*r + 6 - 4 = 0. What is the units digit of t(r)?
4
Suppose 5*s - n - 3*n = -30, 7 = 4*s + 3*n. Let f be s*2*3/12. What is the units digit of 0/3 - 9*f?
9
Suppose -10*t + 147 = -3*t. Suppose -8 = -5*q + 4*q. Let f = t - q. What is the units digit of f?
3
Suppose -12 = -0*j + 2*j. Let v be ((-12)/(-9))/((-4)/j). Suppose -5*w + v*m + 14 = 0, 5*w - m - 4 = -4*m. What is the units digit of w?
2
What is the tens digit of 4/22 - 489/(-33)?
1
What is the tens digit of 38 + (-1 + 1)*-1?
3
Suppose -18 = 9*m - 15*m. Let t be (1 - 1/(-2))*4. What is the units digit of (-17 + m)*t/(-7)?
2
Suppose d - 6*d - 25 = 0. Let q(h) be the third derivative of -h**5/60 - h**4/4 + 5*h**3/6 + h**2. What is the units digit of q(d)?
0
Let c(u) = u**3 + u**2 - u. Let f(b) = -4*b**3 - 11*b**2 + 12*b - 6. Let v(r) = -5*c(r) - f(r). Let i be v(5). Let x = 8 + i. What is the units digit of x?
4
Let q(i) = -3*i**2 + 3*i + 3. Let a = 6 + -8. Let z be q(a). What is the tens digit of 6/z + 261/15?
1
Let v(m) = 3*m + 21. Let q(l) = 1. Let n(d) = 6*q(d) - v(d). What is the tens digit of n(-11)?
1
Let i(o) = -o**3 - 7*o**2 - 3*o - 10. What is the units digit of i(-8)?
8
Suppose -4*v - 34 = -218. Let r = -30 + v. What is the units digit of r?
6
Let b(w) = -w**3 + 4*w**2 - 2*w - 2. Let q be b(2). Suppose o = 5*v - 4*v + 4, 2 = q*o + v. Suppose 0 = -2*u + 8 + o. What is the units digit of u?
5
Suppose 0 = -5*k + 4*n - 160, -77 = 5*k + 2*n + 83. Let c = k + 51. What is the tens digit of c?
1
Let n = -11 + 15. Suppose 29 = 2*v + 3*q, v - n*q - q - 34 = 0. What is the tens digit of v?
1
Let m = 37 - 21. Suppose g - 2*g + m = 0. What is the tens digit of g?
1
Let m(z) = -2*z + 16. Let t be m(8). Suppose l - 38 + 13 = -u, -2*l + 2*u + 46 = t. What is the tens digit of l?
2
Let s(b) = 0*b**3 - 5*b**2 - b**3 + 2 - 5*b - 9. Let t be s(-5). Suppose 5*p - t = 2. What is the units digit of p?
4
Let o(b) = -b**2 - 8*b + 5. Suppose 4*m + 25 = 3*a, 2*a + 2*m = 8 + 4. Let d(s) = s - 13. Let v be d(a). What is the units digit of o(v)?
7
Let c(a) = -a**2 + 4. Let z be c(0). Suppose -2*p - 10 = -z*p. Suppose 0 = -2*l + 3 + p. What is the units digit of l?
4
Suppose -2*u = 38 + 12. What is the units digit of ((-12)/15)/(2/u)?
0
Let p = 34 + -15. What is the units digit of p?
9
Suppose 5*z - 20 = 5, f - 5*z - 48 = 0. What is the tens digit of f?
7
Suppose 2*w - 2 = 4*w. Suppose 6 = 4*a - 6. Let t = a + w. What is the units digit of t?
2
Let a be 2 + -2 + 2 + 1. Suppose 5*z + 19 = u, 8 - a = -3*z - u. Let o = z - -5. What is the units digit of o?
2
Let u be (0/(-2))/(-4 - -1). Suppose 4*m - 64 = -4*z, u = m + 4*z - 9 - 16. What is the units digit of m?
3
Suppose -2*z - 3*m = -10, 4*z - 5*m + 14 = 56. Let c = z - 2. Let i(d) = d**2 - 3*d - 4. What is the tens digit of i(c)?
1
Let g(c) = c + 5. Let u be g(7). Suppose 3*h = 6*h - u. What is the units digit of h/(4/7) + 2?
9
Suppose -v - 8 - 100 = 0. Let h be 8/6*v/(-8). Suppose 2*g + g = h. What is the units digit of g?
6
Let p be ((-4)/3)/(5/30). Let k = 18 + p. Suppose -2*t = -z - 0*z + k, 4*z + 5*t = -12. What is the units digit of z?
2
Let k(u) = 33*u - 12. What is the units digit of k(5)?
3
Suppose 2*z - z = -4*w + 34, 12 = 3*w. What is the tens digit of z?
1
Suppose 5*u + 2*i - 6 = 0, -u - i + 2 + 1 = 0. Suppose -q = -u - 11. What is the units digit of q?
1
Let n = -10 + 16. Let s be (n/3)/((-2)/(-35)). What is the units digit of s/(-2)*(-32)/40?
4
Let i(q) = -q + 5. Let o be i(6). Let p = 10 - 9. What is the units digit of (o - p)/((-4)/6)?
3
Suppose -4*k + 5 = y, 18 = -4*y + 5*k - 2*k. Let u = 25 + -14. Let m = y + u. What is the units digit of m?
8
Let h(w) = -2*w + w - 7 - 3*w. What is the tens digit of h(-5)?
1
Let h = -2 + 28. What is the tens digit of h?
2
Let x = 1 + 30. Suppose 5*q = -4*h + x, -3*h + q = -59 + 12. What is the units digit of h?
4
What is the tens digit of -20*((-176)/10 + 2 + 0)?
1
Suppose 0 = -5*u + 1034 - 249. What is the units digit of u?
7
Let c(o) = -o + 3 + 0*o + 2*o. Let k be c(-3). Suppose 2*z - 4*w = 28, w + 22 = 3*z - k*z. What is the units digit of z?
6
Suppose -2*c + 0*c + 72 = 0. Let v = -9 + c. Suppose -v = -f + 4*k, k - 2*k = 5. What is the units digit of f?
7
Suppose 4*v - 53 + 9 = 0. What is the tens digit of v?
1
Let o = 11 + -9. Suppose -2*n - f + 5*f = -18, o*n - 5*f = 19. Suppose 9 = 4*k - p - 36, k - n = -4*p. What is the tens digit of k?
1
Let s = 5 - -7. Let f = s + -7. What is the units digit of f?
5
Let c(z) = 2*z**2 - 6*z - 5. Let y(a) = -a**2 + 5. Let i be y(0). What is the units digit of c(i)?
5
Let p(u) = -4*u**2 - 24*u - 52. Let o(c) = c**2 + 8*c + 17. Let x(h) = -7*o(h) - 2*p(h). What is the tens digit of x(11)?
1
Suppose -3*j + 3 = -0*j. What is the units digit of 17 + (j - -2) + -3?
7
Let s be 5 - (1 + 2 - 1). Let w = s - 21. What is the units digit of 38/9 + 4/w?
4
Suppose 24*w = 29*w - 315. What is the tens digit of w?
6
Let j be -3*8/12 - -14. Suppose l = -0 + j. What is the tens digit of l?
1
Suppose 20*n - 9*n = 209. What is the tens digit of n?
1
Suppose -182 = -4*m + 2*s + 46, 2*m = -s + 106. What is the units digit of m?
5
Suppose 0*c + 2*c = 0. Suppose 0*z + 5*z = c. Suppose z = 3*x - 3*n - 36, 4*x + 0*n - n - 36 = 0. What is the units digit of x?
8
Let w = 11 - 6. What is the tens digit of -1*(w + -3)*-6?
1
Let c = -61 - -121. What is the units digit of c?
0
Suppose 12*y + 16 = 14*y. What is the units digit of y?
8
Let i = 49 - 17. What is the tens digit of i?
3
Let t = -49 - -82. What is the tens digit of t?
3
Let o = -1 - -4. Suppose -2*t - 4*i = -66, o*i + 0*i + 77 = 4*t. What is the tens digit of t?
2
Let l(j) = 4*j**3 - 2*j + 1. Let q be l(1). Suppose -5*k + 4*i - 7 = 0, -7 = -3*k - q*i + 5. Let u(h) = 4*h - 1. What is the units digit of u(k)?
3
Let r(a) be the third derivative of a**4/24 + 2*a*